6503. What are the prime factors of w?
3, 5, 17, 107
Suppose -3*t - 3*v = -15201, -16*v + 10131 = 2*t - 13*v. List the prime factors of t.
2, 3, 5, 13
Suppose 3*t - 3*t = -6*t. Suppose 2*h + 0*h - 1192 = t. List the prime factors of h.
2, 149
Let q(m) = -1040*m + 4015. What are the prime factors of q(-67)?
3, 5, 17
Suppose 18918 = 4*m - 7730. List the prime factors of m.
2, 3331
Let w be (2 - -1)*(5536/12)/8. Suppose 1505 = 6*b + w. What are the prime factors of b?
2, 3, 37
Let h(k) = 36*k**3 - 17*k**3 + 2*k**2 + k - 3*k. Let j be h(2). Suppose j = t + t. List the prime factors of t.
2, 3, 13
Let h(y) = 5*y**3 + 2*y**2 - 3*y - 6. Let x(w) = -w**3 + 5*w**2 + 3*w - 15. Let m be x(5). Let v be -3 + 2/((-4)/(-12) + m). List the prime factors of h(v).
2, 3, 23
Suppose 4*g - 1 - 31 = 0. Suppose -4*s + b + 8 = 0, 4*s + 7*b - 4*b - g = 0. Suppose -r - 70 = 4*q - 228, -5*r = s*q - 772. What are the prime factors of r?
2, 7, 11
Let a(r) = -r**3 - 18*r**2 - 20*r + 25. Let x = -42 - -25. Let v be a(x). List the prime factors of v - 7/(14/(-8)).
2, 5
Let q = 28120 - 11989. What are the prime factors of q?
3, 19, 283
Suppose 0 = -4*p + 4, 4*m - 5 = -5*p + 20. Suppose -4*t + 2176 = t + 4*d, -m*t + 2140 = -5*d. List the prime factors of t.
2, 3
Let z(n) = -81*n + 17*n + 12 + n - 67. Let q be z(-9). Let u = -342 + q. What are the prime factors of u?
2, 5, 17
Let f(r) be the third derivative of r**4/24 - 8*r**2. Let m(p) = 7*p - 2. Let s(a) = -6*f(a) - m(a). What are the prime factors of s(-5)?
67
Let i be 158197/156 + 1/(-12). Suppose r = -g + 399, i = 4*r + g - 588. What are the prime factors of r?
401
Let a(t) = -t**2 + t + 1. Let z be a(1). List the prime factors of -3*z + 289 + 0.
2, 11, 13
Let b(k) = k**3 + 14*k**2 - 14*k + 11. Let o be b(-15). Let x be (-7)/o + (-6)/(-24). Let w(h) = 26*h + 3. What are the prime factors of w(x)?
5, 11
Let m(h) = 5*h**2 + 2*h - 1500. List the prime factors of m(91).
40087
Let d(x) = x + 12. Let u be d(-7). Suppose 28 = -3*s + 3*t + 268, u*s + t - 430 = 0. What are the prime factors of s?
5, 17
List the prime factors of (-8056)/(-532)*(-602)/(-4).
43, 53
Suppose -m - 3*m + g + 9194 = 0, 0 = m - 5*g - 2308. Suppose -3*d = -m + 450. What are the prime factors of d?
2, 7, 11
Let n = -88 + 80. Suppose 10 = -5*g, -3 = 4*h - g + 3. What are the prime factors of ((-2)/n)/(h/(-872))?
109
Let o(b) be the first derivative of b**3/3 + 3*b**2/2 - 12*b - 24. What are the prime factors of o(13)?
2, 7
Let m(q) = q**3 - q**2 - 10*q + 2. Let z(r) be the third derivative of r**5/60 - r**4/6 + 7*r**3/6 + 17*r**2. Let w be z(3). What are the prime factors of m(w)?
2, 5
Let k be -5 + 2 + 2/(-3)*3. Let h be 0 + -7 + (-2 - k). List the prime factors of (h/8)/(-1 + (-141)/(-142)).
71
Let w(z) = z**3 - 7*z**2 + 29*z + 16. Let k be w(8). Let s = 564 - k. What are the prime factors of s?
2, 3, 7
Let a(l) = 29*l**2 - 29*l - 13. What are the prime factors of a(-19)?
3, 1223
Suppose 6 = -5*i + 11*i. Let s = 4 - i. Suppose -4*n + 211 = -5*a, n - s*a - 25 = 33. List the prime factors of n.
7
What are the prime factors of 418140/120*(15 - 1)?
3, 7, 23, 101
Let b = -39 + 3. Let h be b/21*(84/(-8))/3. Suppose 741 = h*i - 93. List the prime factors of i.
139
What are the prime factors of (3 + 9282/(-2))*72/(-48)?
3, 773
Let m = -8702 + 25314. List the prime factors of m.
2, 4153
Let d(a) = 97 + 25*a**2 + 25*a**2 + 28*a - 69*a**2 + 21*a**2. List the prime factors of d(-28).
881
Let w be (-1 - -72)*(4 - -52). Let y = 2 - 2. Suppose 0 = -14*m - y*m + w. List the prime factors of m.
2, 71
Let n = -142 - -147. Suppose -4*v - 5*f + 705 = 0, 5*v - 1257 + 372 = -n*f. What are the prime factors of v?
2, 3, 5
Suppose 0 = -4*g + 5*g + 3. Let r be (16/(-3))/(2/g). Suppose 0 = -2*q - r, -q - 97 - 105 = -3*z. List the prime factors of z.
2, 3, 11
Suppose -k + 5*g + 10 = 0, k = -0*k - 5*g. Suppose k*j + b = -3*b + 471, 0 = 4*j + 5*b - 384. What are the prime factors of j?
7, 13
Suppose -37*r + 1915 = -32*r. Let s(p) = -13*p - 27. Let q be s(-2). What are the prime factors of q*4/8 + r/2?
191
Suppose 0*p - 24 = -2*p + 3*a, -2*p + 20 = -2*a. Suppose -2*h + 4 = -p*h. List the prime factors of ((0/h - -1) + 98)*1.
3, 11
Let b = 707 + -419. Suppose -4*n - y + 226 = 0, n - 4*y = 6*n - b. Let x = 156 - n. List the prime factors of x.
2, 5
Let o(d) = d**2 - 14*d + 7. Let m be o(14). Suppose -m*t + t = -330. List the prime factors of t.
5, 11
Let u(f) = 621*f. Let v be u(2). Suppose -10*q = -4*q - v. Suppose -12*j + 9*j = -q. What are the prime factors of j?
3, 23
Let x = 223 - 218. Suppose -2*n - x*d = -650, 3*n + 3*d - 998 = 7*d. What are the prime factors of n?
2, 3, 5, 11
Let p be 6/81 - 640998/(-486). Let q = 2263 - p. List the prime factors of q.
2, 59
Suppose 204103 = 4*d - 3*l, -5*d - 5*l + 255190 = -0*d. What are the prime factors of d?
51031
Suppose 3*o = -3*h + 981, -985 = 5*o - 8*o - 2*h. Let l = -11 + o. What are the prime factors of l?
2, 5
Let c be (-12)/28 + (-144)/7. Let i(u) = -u - 29. Let y be i(c). List the prime factors of 2176/24*(-2)/(y/6).
2, 17
Let o(a) = -a**3 + 23*a**2 + 5*a - 25. Let r be o(22). Let z = r - 53. What are the prime factors of z?
2, 3, 43
Suppose 5*f + 70 = 3*g, 3*g = 4*f - f + 42. List the prime factors of f/147 - 19870/(-42).
11, 43
Let j be (-36)/7*133/(-38). Suppose j*k = 15*k + 2850. List the prime factors of k.
2, 5, 19
Suppose 0 = -38*o + 41*o - t - 8020, 3*o - 8024 = 5*t. Let d = -1406 + o. List the prime factors of d.
7, 181
Let n(q) = 4*q**2 - 41*q + 798. What are the prime factors of n(72)?
2, 3, 19, 163
Let r be (-3)/(-6)*(9 + -12 + 7). Suppose 5*t + 3*f - 191 = 0, -t - 2*t + r*f = -107. What are the prime factors of t?
37
Let r(x) = x**3 - 7*x**2 - 17*x - 17. Let h be r(9). What are the prime factors of h/(-2 + 0) - (-5598)/6?
937
Let m be -4 - (858/10)/(6/(-30)). Let q = 1592 - m. What are the prime factors of q?
3, 389
Suppose -29*t = -125 - 49. Suppose -5*y - f = -624, -11*f = 3*y - t*f - 370. List the prime factors of y.
5
What are the prime factors of -3271*(-9 + 7 + -1)?
3, 3271
Let i = 20487 + -11105. What are the prime factors of i?
2, 4691
Suppose 11*f + 71 = -83. Let v(g) = 36 + 12*g + g**2 + 0*g**2 - 13. What are the prime factors of v(f)?
3, 17
Let p(t) = 583*t - 9. Let z be p(2). Suppose -4*b = 3*h - z, -4*h + 1496 = 4*b + 340. List the prime factors of b.
2, 5, 29
Suppose -38*p + 9*p + 129272 = -7*p. List the prime factors of p.
2, 13, 113
Suppose -5*q = -3*q + 3*o + 129, 4*q - o + 237 = 0. Let j = q + 61. List the prime factors of ((-22)/(-4) - 2/j)*4.
2, 7
Let s = 113 + -117. What are the prime factors of 0 + s + 416 - -6?
2, 11, 19
Suppose 16*f - 20 - 28 = 0. Let k be -17 - f - 4*1. Let p = k - -165. What are the prime factors of p?
3, 47
Suppose 3 = -g, -3*g - 2716 = 4*s + 813. Let i = 43 - s. List the prime factors of i.
13, 71
Let h = 316 - 908. Let o = h + 1111. What are the prime factors of o?
3, 173
Let x(c) = 8*c + 27. Let h be x(-4). What are the prime factors of 16*10/8*(-14)/h?
2, 7
Let t = 4557 + 1553. List the prime factors of t.
2, 5, 13, 47
Suppose 105 = -14*b + 11*b. Let s = -35 - b. Suppose -5*p - 5*g + 820 = s, -152 = -4*p + 3*p - 4*g. What are the prime factors of p?
2, 3, 7
Suppose -4*k - 1932 = 4*x, -x - 3*k + 0*k = 487. Let f = 912 + x. List the prime factors of f.
431
Suppose -2*a + 23 - 23 = 0. Suppose -k = 2*b - 3, 5*b + a*k - 25 = k. Suppose b*n = -n + 1330. List the prime factors of n.
2, 7, 19
Let z = -120 - -212. Let r = z + -9. Let q = 163 - r. What are the prime factors of q?
2, 5
Suppose 0 = t + 310 - 811. Suppose -4*s + 2603 = 5*j + t, 4*s + 852 = 2*j. What are the prime factors of j?
2, 211
Let b(s) = 49*s**2 + s + 11. Let u(y) = 49*y**2 + 10. Let f(q) = -3*b(q) + 4*u(q). List the prime factors of f(3).
439
Let t be 63/6*(-155 - 2 - 1). Let l = 3087 + t. What are the prime factors of l?
2, 3, 7, 17
Suppose 32998 = 5*k - 3*q + 4217, 0 = -2*k - 4*q + 11528. What are the prime factors of k?
2, 2879
Suppose -118350 + 348120 = 46*q. What are the prime factors of q?
3, 5, 37
What are the prime factors of 12 + ((-130)/10 - -11370)?
11369
Let g(a) = a**3 - 6*a**2 + a + 3. Let r be g(3). What are the prime factors of (-2052)/r - (48/28 + -2)?
2, 7
Let q = 307 + 14. Let a = q - 198. 